{"id":23,"date":"2019-01-27T12:12:29","date_gmt":"2019-01-27T12:12:29","guid":{"rendered":"https:\/\/gentium.pixerex.com\/import\/?page_id=23"},"modified":"2025-10-21T11:26:10","modified_gmt":"2025-10-21T09:26:10","slug":"home-page","status":"publish","type":"page","link":"https:\/\/lm-i.fr\/","title":{"rendered":"home page"},"content":{"rendered":"\t\t<div data-elementor-type=\"wp-post\" data-elementor-id=\"23\" class=\"elementor elementor-23\" data-elementor-settings=\"[]\">\n\t\t\t\t\t\t\t<div class=\"elementor-section-wrap\">\n\t\t\t\t\t\t\t<section class=\"elementor-section elementor-top-section elementor-element elementor-element-6705eefe elementor-section-boxed elementor-section-height-default elementor-section-height-default\" data-id=\"6705eefe\" data-element_type=\"section\" id=\"pr_hero\" data-settings=\"{&quot;background_background&quot;:&quot;classic&quot;}\">\n\t\t\t\t\t\t<div class=\"elementor-container elementor-column-gap-default\">\n\t\t\t\t\t<div class=\"elementor-column elementor-col-100 elementor-top-column elementor-element elementor-element-706d2f8\" data-id=\"706d2f8\" data-element_type=\"column\">\n\t\t\t<div class=\"elementor-widget-wrap elementor-element-populated\">\n\t\t\t\t\t\t\t\t<section class=\"elementor-section elementor-inner-section elementor-element elementor-element-6880759 elementor-section-boxed elementor-section-height-default elementor-section-height-default\" data-id=\"6880759\" data-element_type=\"section\">\n\t\t\t\t\t\t<div class=\"elementor-container elementor-column-gap-default\">\n\t\t\t\t\t<div class=\"elementor-column elementor-col-33 elementor-inner-column elementor-element elementor-element-40c451c\" data-id=\"40c451c\" data-element_type=\"column\">\n\t\t\t<div class=\"elementor-widget-wrap\">\n\t\t\t\t\t\t\t\t\t<\/div>\n\t\t<\/div>\n\t\t\t\t<div class=\"elementor-column elementor-col-33 elementor-inner-column elementor-element elementor-element-ce7653c\" data-id=\"ce7653c\" data-element_type=\"column\">\n\t\t\t<div class=\"elementor-widget-wrap elementor-element-populated\">\n\t\t\t\t\t\t\t\t<div class=\"elementor-element elementor-element-78e642b elementor-aspect-ratio-169 elementor-widget elementor-widget-video\" data-id=\"78e642b\" data-element_type=\"widget\" data-settings=\"{&quot;video_type&quot;:&quot;hosted&quot;,&quot;autoplay&quot;:&quot;yes&quot;,&quot;play_on_mobile&quot;:&quot;yes&quot;,&quot;controls&quot;:&quot;yes&quot;,&quot;aspect_ratio&quot;:&quot;169&quot;}\" data-widget_type=\"video.default\">\n\t\t\t\t<div class=\"elementor-widget-container\">\n\t\t\t\t\t<div class=\"e-hosted-video elementor-wrapper elementor-fit-aspect-ratio elementor-open-inline\">\n\t\t\t\t\t<video class=\"elementor-video\" src=\"https:\/\/lm-i.fr\/wp-content\/uploads\/2023\/10\/CV-video-0722-Laurent-MAYER-LMi.mp4\" autoplay=\"\" controls=\"\" playsinline=\"\" controlsList=\"nodownload\" poster=\"https:\/\/lm-i.fr\/wp-content\/uploads\/2022\/06\/lmi.png\"><\/video>\n\t\t\t\t<\/div>\n\t\t\t\t<\/div>\n\t\t\t\t<\/div>\n\t\t\t\t\t<\/div>\n\t\t<\/div>\n\t\t\t\t<div class=\"elementor-column elementor-col-33 elementor-inner-column elementor-element elementor-element-fcfd34e\" data-id=\"fcfd34e\" data-element_type=\"column\">\n\t\t\t<div class=\"elementor-widget-wrap\">\n\t\t\t\t\t\t\t\t\t<\/div>\n\t\t<\/div>\n\t\t\t\t\t\t\t<\/div>\n\t\t<\/section>\n\t\t\t\t<div class=\"elementor-element elementor-element-081795d elementor-widget elementor-widget-image\" data-id=\"081795d\" data-element_type=\"widget\" data-widget_type=\"image.default\">\n\t\t\t\t<div class=\"elementor-widget-container\">\n\t\t\t\t\t<div class=\"elementor-image\">\n\t\t\t\t\t\t\t\t\t\t<img width=\"200\" height=\"200\" src=\"https:\/\/lm-i.fr\/wp-content\/uploads\/2021\/03\/laurentmayer.jpg\" class=\"attachment-full size-full\" alt=\"\" decoding=\"async\" loading=\"lazy\" srcset=\"https:\/\/lm-i.fr\/wp-content\/uploads\/2021\/03\/laurentmayer.jpg 200w, https:\/\/lm-i.fr\/wp-content\/uploads\/2021\/03\/laurentmayer-150x150.jpg 150w\" sizes=\"(max-width: 200px) 100vw, 200px\" \/>\t\t\t\t\t\t\t\t\t\t\t<\/div>\n\t\t\t\t<\/div>\n\t\t\t\t<\/div>\n\t\t\t\t<section class=\"elementor-section elementor-inner-section elementor-element elementor-element-5e488ad9 elementor-section-boxed elementor-section-height-default elementor-section-height-default\" data-id=\"5e488ad9\" data-element_type=\"section\">\n\t\t\t\t\t\t<div class=\"elementor-container elementor-column-gap-default\">\n\t\t\t\t\t<div class=\"elementor-column elementor-col-100 elementor-inner-column elementor-element elementor-element-2b85c19e\" data-id=\"2b85c19e\" data-element_type=\"column\">\n\t\t\t<div class=\"elementor-widget-wrap elementor-element-populated\">\n\t\t\t\t\t\t\t\t<div class=\"elementor-element elementor-element-13d2ad9 elementor-widget elementor-widget-text-editor\" data-id=\"13d2ad9\" data-element_type=\"widget\" data-widget_type=\"text-editor.default\">\n\t\t\t\t<div class=\"elementor-widget-container\">\n\t\t\t\t\t<div class=\"elementor-text-editor elementor-clearfix\"><h2 style=\"text-align: center; margin: auto; width: 50%; margin-bottom: -40px;\">LMi, conseil &amp; investissement en art, commerce et tech<\/h2><p><strong>L<\/strong> comme Lumi\u00e8re, Lancement, Levier,\u00a0 Laboratoire, L\u00e9gitim<br \/>it\u00e9, Langage, Laurent, &#8230;<\/p><p><strong>M<\/strong> comme March\u00e9, Mouvement, M\u00e9c\u00e9nat, Mod\u00e8le, M\u00e9diation, Maillage, M\u00e9moire, Mayer, &#8230;<\/p><h1><span style=\"color: #e9204f;\">i\u00a0 comme impact, <\/span><span style=\"color: #e9204f;\">investissement, internet, IA, imm\u00e9diat, interactif, intelligence, ing\u00e9nieur, informatique, ing\u00e9nieux, identit\u00e9, imagination, id\u00e9aliste, iconoclaste, irradiant, &#8230;,<\/span><\/h1><\/div>\n\t\t\t\t<\/div>\n\t\t\t\t<\/div>\n\t\t\t\t<div class=\"elementor-element elementor-element-ce962d3 elementor-widget-divider--view-line elementor-widget elementor-widget-divider\" data-id=\"ce962d3\" data-element_type=\"widget\" data-widget_type=\"divider.default\">\n\t\t\t\t<div class=\"elementor-widget-container\">\n\t\t\t\t\t<div class=\"elementor-divider\">\n\t\t\t<span class=\"elementor-divider-separator\">\n\t\t\t\t\t\t<\/span>\n\t\t<\/div>\n\t\t\t\t<\/div>\n\t\t\t\t<\/div>\n\t\t\t\t<div class=\"elementor-element elementor-element-c99dbe0 elementor-widget elementor-widget-text-editor\" data-id=\"c99dbe0\" data-element_type=\"widget\" data-widget_type=\"text-editor.default\">\n\t\t\t\t<div class=\"elementor-widget-container\">\n\t\t\t\t\t<div class=\"elementor-text-editor elementor-clearfix\"><div>\n<p style=\"color: #ffffff;\">=> Senior consultant \/ Manager de transition <Br>=> 30 ans d&rsquo;exp\u00e9rience au service de clients prestigieux et vari\u00e9s : Alcatel-Lucent, Allianz, Art Collector Invest, Art &amp; Financement, Artmajeur, Auchan, BNPParisbas, Bouygues, BPCE, Canon, Capgemini, Decathlon, ETO-Publicis, Huawei, Kiabi, Novedia-Vis\u00e9o, Orange, Franck Provost, SFR, Symolia, VYV, &#8230;<\/p>\n<p style=\"color: #ffffff;\">=> Expertises majeures :<\/p>\n\n<ul style=\"color: #ffffff;\">\n \t<li style=\"list-style-type: none;\">\n<ul style=\"color: #ffffff;\">\n \t<li style=\"list-style-type: none;\">\n<ul style=\"color: #ffffff;\">* Go to market<\/ul>\n\n<ul style=\"color: #ffffff;\">* Business Development France &amp; international<\/ul>\n<\/li>\n<\/ul>\n<ul style=\"color: #ffffff;\">\n \t<li style=\"list-style-type: none;\"><Br>\n<ul style=\"color: #ffffff;\">=&gt; Typologies missions :\n \t<li style=\"list-style-type: none;\">\n<ul style=\"color: #ffffff;\">* Lancement nouvelle activit\u00e9, BU, produit, service, &#8230;<\/ul>\n\n<ul style=\"color: #ffffff;\">* Strat\u00e9gie multicanale, phygitale, acquisition, fid\u00e9lisation<\/ul>\n<\/li>\n<\/ul>\n<\/li>\n<\/ul>\n&nbsp;\n<ul style=\"color: #ffffff;\">\n \t\n<ul style=\"color: #ffffff;\">\n \t<li style=\"list-style-type: none;\">\n<ul style=\"color: #ffffff;\">* Gestion de projets strat\u00e9giques<\/ul>\n<\/li>\n<\/ul>\n<\/li>\n<\/ul>\n&nbsp;\n<ul style=\"color: #ffffff;\">\n \t<li style=\"list-style-type: none;\">\n<ul style=\"color: #ffffff;\">\n \t<li style=\"list-style-type: none;\">\n<ul style=\"color: #ffffff;\">* Transformation digitale<\/ul>\n<\/li>\n<\/ul>\n<\/li>\n<\/ul>\n&nbsp;\n<ul style=\"color: #ffffff;\">\n \t<li style=\"list-style-type: none;\">\n<ul style=\"color: #ffffff;\">\n \t<li style=\"list-style-type: none;\">\n<ul style=\"color: #ffffff;\">* Management \u00e9quipes ventes omnicanales, directes &amp; indirectes + digitales<\/ul>\n<\/li>\n<\/ul>\n<\/li>\n<\/ul>\n&nbsp;\n<ul style=\"color: #ffffff;\">\n \t<li style=\"list-style-type: none;\">\n<ul style=\"color: #ffffff;\">\n \t<li style=\"list-style-type: none;\">\n<ul style=\"color: #ffffff;\">* Cr\u00e9ation et animation de r\u00e9seaux de partenaires<\/ul>\n<\/li>\n<\/ul>\n<\/li>\n<\/ul>\n&nbsp;\n<ul style=\"color: #ffffff;\">\n \t<li style=\"list-style-type: none;\">\n<ul style=\"color: #ffffff;\">\n \t<li style=\"list-style-type: none;\">\n<ul style=\"color: #ffffff;\">* Restructuration \/ r\u00e9org suite M&amp;A ou PSE<\/ul>\n<\/li>\n<\/ul>\n<\/li>\n<\/ul>\n&nbsp;\n<ul style=\"color: #ffffff;\">\n \t<li style=\"list-style-type: none;\">\n<ul style=\"color: #ffffff;\">\n \t<li style=\"list-style-type: none;\">\n<ul style=\"color: #ffffff;\">* Coaching DG start up, direction commercial &amp; marketing<\/ul>\n<\/li>\n<\/ul>\n<\/li>\n<\/ul>\n&nbsp;\n<ul style=\"color: #ffffff;\">\n \t<li style=\"list-style-type: none;\">\n<ul style=\"color: #ffffff;\">\n \t<li style=\"list-style-type: none;\">\n<ul style=\"color: #ffffff;\">* Formation-coach artiste \/ entrepreneur avec l&rsquo;association La Condamine agr\u00e9\u00e9e Qualiopi, 100% prise en charge par l&rsquo;AFDAS<\/ul>\n<\/li>\n<\/ul>\n<\/li>\n<\/ul>\n&nbsp;\n<ul style=\"color: #ffffff;\">\n \t<li style=\"list-style-type: none;\">\n<ul style=\"color: #ffffff;\">* Intervenant professeur strat\u00e9gie multicanale, digitale, communication r\u00e9seaux sociaux (ESSEC, ISG, ICS, Sup de Pub, &#8230;)<\/ul>\n<\/li>\n<\/ul>\n<\/div>\n<p style=\"color: #ffffff;\">&gt; Principaux domaines d&rsquo;activit\u00e9s :\n* Conseil aux entreprises\n* Ventes de solutions cloud \/ SaaS &amp; prestations de services aux entreprises\n* Leasing \/ financement\n* B2B, B2B2B, B2B2C, multicanal\n* Startups, PME, Grands Comptes, Secteurs Publiques<\/p>\n\n<ul style=\"color: #ffffff;\">\n \t<li style=\"list-style-type: none;\">\n<ul style=\"color: #ffffff;\">&gt; Expertises sectorielles :<\/ul>\n<\/li>\n<\/ul>\n<ul style=\"color: #ffffff;\">\n \t<li style=\"list-style-type: none;\">\n<ul style=\"color: #ffffff;\">* Art, art leasing, culture<\/ul>\n<\/li>\n<\/ul>\n<ul style=\"color: #ffffff;\">\n \t<li style=\"list-style-type: none;\">\n<ul style=\"color: #ffffff;\">* Edtech, event, IT, SaaS, social media, tech (produits, solutions, services), telco, web, &#8230;<\/ul>\n<\/li>\n<\/ul>\n<ul style=\"color: #ffffff;\">\n \t<li style=\"list-style-type: none;\">\n<ul style=\"color: #ffffff;\">&gt; Startuper r\u00e9cidiviste:<\/ul>\n<\/li>\n<\/ul>\n<ul style=\"color: #ffffff;\">\n \t<li style=\"list-style-type: none;\">\n<ul style=\"color: #ffffff;\">* Co cr\u00e9ation, investisseur: Tell Me, Grafeez, Dialogfeed, Smyler, in-situ.art, Go-4.art, &#8230;<\/ul>\n<\/li>\n<\/ul>\n<ul style=\"color: #ffffff;\">\n \t<li style=\"list-style-type: none;\">\n<ul style=\"color: #ffffff;\">* Cr\u00e9ation agence digitale @360\u00b0: web, phygital, social media, event<\/ul>\n<\/li>\n<\/ul>\n<a href=\"http:\/\/dialog-agency.com\/\" target=\"_blank\" rel=\"noopener\">dialog-agency.com<\/a>\n<ul style=\"color: #ffffff;\">\n \t<li style=\"list-style-type: none;\">\n<ul style=\"color: #ffffff;\">* Fundraising \/ lev\u00e9es de fonds<\/ul>\n<\/li>\n<\/ul>\n<ul style=\"color: #ffffff;\">\n \t<li style=\"list-style-type: none;\">\n<ul style=\"color: #ffffff;\">* Bus dev &amp; gestion op\u00e9rationnelle direction marketing &amp; communication @360\u00b0<\/ul>\n<\/li>\n<\/ul>\n<ul style=\"color: #ffffff;\">\n \t<li style=\"list-style-type: none;\">\n<ul style=\"color: #ffffff;\">&gt; Engagements:<\/ul>\n<\/li>\n<\/ul>\n<ul style=\"color: #ffffff;\">\n \t<li style=\"list-style-type: none;\">\n<ul style=\"color: #ffffff;\">* Militant pour le bien commun: associations Entreprise &amp; Progr\u00e8s, France Digital, &#8230;<\/ul>\n<\/li>\n<\/ul>\n<ul style=\"color: #ffffff;\">\n \t<li style=\"list-style-type: none;\">\n<ul style=\"color: #ffffff;\">* Artiviste, militant pour le bien commun: l&rsquo;art pour tous et partout, aide les artistes \u00e0 exposer et vendre: avec la cr\u00e9ation de l&rsquo;association<\/ul>\n<\/li>\n<\/ul>\n<a href=\"http:\/\/art-for-good.org\/\" target=\"_blank\" rel=\"noopener\">art-for-good.org<\/a>\n<ul style=\"color: #ffffff;\">\n \t<li style=\"list-style-type: none;\">\n<ul style=\"color: #ffffff;\">, organisation d&rsquo;\u00e9v\u00e9n\u00e9ments comme le<\/ul>\n<\/li>\n<\/ul>\n<a href=\"http:\/\/artmarathonparis.com\/\" target=\"_blank\" rel=\"noopener\">Marathon de l&rsquo;Art Paris 2025<\/a>\n<ul style=\"color: #ffffff;\">, l&rsquo;Art Week, ..<\/ul><\/div>\n\t\t\t\t<\/div>\n\t\t\t\t<\/div>\n\t\t\t\t<div class=\"elementor-element elementor-element-e3bf142 elementor-widget elementor-widget-text-editor\" data-id=\"e3bf142\" data-element_type=\"widget\" data-widget_type=\"text-editor.default\">\n\t\t\t\t<div class=\"elementor-widget-container\">\n\t\t\t\t\t<div class=\"elementor-text-editor elementor-clearfix\"><\/div>\n\t\t\t\t<\/div>\n\t\t\t\t<\/div>\n\t\t\t\t\t<\/div>\n\t\t<\/div>\n\t\t\t\t\t\t\t<\/div>\n\t\t<\/section>\n\t\t\t\t<div class=\"elementor-element elementor-element-ed4aefd elementor-widget elementor-widget-heading\" data-id=\"ed4aefd\" data-element_type=\"widget\" data-widget_type=\"heading.default\">\n\t\t\t\t<div class=\"elementor-widget-container\">\n\t\t\t<h1 class=\"elementor-heading-title elementor-size-small\"><a href=\"https:\/\/www.linkedin.com\/in\/laurentmayerparis\/\">https:\/\/www.linkedin.com\/in\/laurentmayerparis\/\nhttps:\/\/www.instagram.com\/artforgoodparis\/<\/a><\/h1>\t\t<\/div>\n\t\t\t\t<\/div>\n\t\t\t\t\t<\/div>\n\t\t<\/div>\n\t\t\t\t\t\t\t<\/div>\n\t\t<\/section>\n\t\t\t\t<section class=\"elementor-section elementor-top-section elementor-element elementor-element-4fda32bd pr__section elementor-section-boxed elementor-section-height-default elementor-section-height-default\" data-id=\"4fda32bd\" data-element_type=\"section\" id=\"pr_about\">\n\t\t\t\t\t\t<div class=\"elementor-container elementor-column-gap-default\">\n\t\t\t\t\t<div class=\"elementor-column elementor-col-100 elementor-top-column elementor-element elementor-element-2e36131b\" data-id=\"2e36131b\" data-element_type=\"column\">\n\t\t\t<div class=\"elementor-widget-wrap\">\n\t\t\t\t\t\t\t\t\t<\/div>\n\t\t<\/div>\n\t\t\t\t\t\t\t<\/div>\n\t\t<\/section>\n\t\t\t\t\t\t<\/div>\n\t\t\t\t\t<\/div>\n\t\t","protected":false},"excerpt":{"rendered":"<p>https:\/\/lm-i.fr\/wp-content\/uploads\/2023\/10\/CV-video-0722-Laurent-MAYER-LMi.mp4 LMi, conseil &amp; investissement en art, commerce et tech L comme Lumi\u00e8re, Lancement, Levier,\u00a0 Laboratoire, L\u00e9gitimit\u00e9, Langage, Laurent, &#8230; M comme March\u00e9, Mouvement, M\u00e9c\u00e9nat,&hellip;<\/p>\n","protected":false},"author":1,"featured_media":0,"parent":0,"menu_order":0,"comment_status":"closed","ping_status":"closed","template":"template-one-page-builder.php","meta":[],"_links":{"self":[{"href":"https:\/\/lm-i.fr\/index.php\/wp-json\/wp\/v2\/pages\/23"}],"collection":[{"href":"https:\/\/lm-i.fr\/index.php\/wp-json\/wp\/v2\/pages"}],"about":[{"href":"https:\/\/lm-i.fr\/index.php\/wp-json\/wp\/v2\/types\/page"}],"author":[{"embeddable":true,"href":"https:\/\/lm-i.fr\/index.php\/wp-json\/wp\/v2\/users\/1"}],"replies":[{"embeddable":true,"href":"https:\/\/lm-i.fr\/index.php\/wp-json\/wp\/v2\/comments?post=23"}],"version-history":[{"count":356,"href":"https:\/\/lm-i.fr\/index.php\/wp-json\/wp\/v2\/pages\/23\/revisions"}],"predecessor-version":[{"id":1009,"href":"https:\/\/lm-i.fr\/index.php\/wp-json\/wp\/v2\/pages\/23\/revisions\/1009"}],"wp:attachment":[{"href":"https:\/\/lm-i.fr\/index.php\/wp-json\/wp\/v2\/media?parent=23"}],"curies":[{"name":"wp","href":"https:\/\/api.w.org\/{rel}","templated":true}]}}